 10).
40
Calculate -7 + -4 + -5 + 4.
-12
(-10 + 50 - 41) + 44
43
What is the value of 2 + (3 - 5 - 17) + 12?
-5
Evaluate 1 - (17 - -1) - -40 - 51.
-28
Evaluate -2519 + 2587 + (0 - (-1 + 14)) + -9.
46
7 - -1 - (4 - (-79 + 55))
-20
What is (-7 - (-3 - -2)) + (12 + -49 - -4) + 6?
-33
(-6 - (-6 - -6) - 7) + -1 + 19
5
What is (-31 - (-19 + (8 - 19 - -44))) + (9 - 2)?
-38
What is (225 - 259) + 6 + 41?
13
Calculate 0 - -32 - (-32 + (-320 - -327)).
57
Calculate 2928 + -2773 + (-1 - 123).
31
1 - ((59 - 16) + 21)
-63
Evaluate 74 + (19 - 131 - -40).
2
Calculate ((-2 - 7) + (-47 - -59) - 4) + -12 + -31.
-44
What is (2 - 1 - -78) + 15 + -10 + (33 - 41)?
76
What is the value of 21 + (19 + -10 - (6 + (-1 - 1 - -3)))?
23
238 - 221 - (18 - 8)
7
What is the value of (-21 - -9) + 36 + -55?
-31
What is the value of (1675 - 1636) + 0 + -61 - 43?
-65
Evaluate (-24 - -18) + -5 + -16 + 31.
4
What is the value of -6317 + 6240 + (14 - 0)?
-63
What is the value of 2 + 1 - (123 + -127 + (2 - 9) + 98)?
-84
Evaluate 43 + 2 + (11 + (-25 - -1) - -5).
37
Evaluate 151 - 157 - (-27 - 0).
21
What is -4966 + 5037 + (-20 - 1)?
50
What is the value of (53 - -12) + -151 + 66?
-20
What is 44 + (2137 + -2156 - ((2 - 44) + 1))?
66
What is the value of -91 - (225 + -225 - (0 - (-3 + -9)) - -11)?
-90
Calculate -321 - -378 - (22 + -1) - 122.
-86
-19 + 66 + -29 + (-9 - -11)
20
Evaluate 25 - 12 - 33 - (10 + -3 - 142).
115
Evaluate -767 + 798 - ((1 - 5) + (1 + -6 - -3)).
37
Calculate -2 + (-1 - -8) - 13 - (-11 + 1 + 3).
-1
What is -24 + 100 - (15 + 6 - 29)?
84
What is the value of (1 - -2 - (-20 + -5 - -20)) + -14 + 26?
20
Calculate 19 - -9 - (118 + 6 + -27).
-69
What is the value of -26 + (-2 + 12 + -3 - 10 - (-8 - -14))?
-35
13 + (-33 - -24) + -68 + 35
-29
What is the value of -6 + (1 - -32) - (-1021 + 1022)?
26
What is 26 + -40 - (-4 - (-15 - (-1 - 7)))?
-17
What is 19 - (-39 - -19 - 15 - -7)?
47
Calculate -6 + (8 - 3) + -3 + (-1 - -7) - 55.
-53
(2 - -2) + (-1 - 7) - (-94 + 99)
-9
Calculate -62 + -17 + 1 + (55 - 45) + 19.
-49
Calculate 19 - (-5 + (-13 - -58)).
-21
Evaluate 4 - 11 - (-21 + 4) - (10 + (-16 - -33)).
-17
Calculate -91 + (-40 - ((-36 - -38) + -60)).
-73
What is 14 - (-125 - -104) - (-39 + -4)?
78
Calculate 30 + (-11 - (-5 + 29)) - (56 + 1 + -3).
-59
What is -22 + (-13 + -2 + 3 - (-1413 - -1326))?
53
Evaluate -2 + (13 + (-10 - -5) - 15 - 51).
-60
(-10 - (5 + -2) - (50 + 0)) + -5
-68
Evaluate 2 + -5 + (-3 - 0 - -2) - (-54 + 91).
-41
What is -15 - (-14 - (8 + 0)) - (-1 + -3 + -1)?
12
Calculate (55 - 32 - 7) + -7 + 2 + 11.
22
Calculate 48 + -2 + (-808 - -720).
-42
What is 1 + 13 + -6 - (1 + -2 - 9)?
18
Calculate -72 - (-16 + (-23 - (2 + -26))).
-57
Calculate -60 - (-21 - 25 - -39).
-53
Evaluate (-3 - -10) + -2 + (11 - (18 - -5)).
-7
Calculate (5 - (1 + 2)) + -14 + (5451 - 5446).
-7
Calculate (95 - 51) + 16 + -95.
-35
What is the value of (373 - 377) + (-6 - -8) + (-1 - 9) + -15?
-27
Evaluate -16 + 16 - (3 + -2) - (14 - 7).
-8
Calculate 25 + (-25 - 14) + -104 + 24.
-94
What is -10 + (-2 - 83) + (-126 - -57 - -51)?
-113
Evaluate 10 - (21 + -3 - (88 - 78) - (0 + 57)).
59
What is 155 + -294 + -2 + 0 + 16?
-125
Evaluate -24 - (-12 - (33 - -22)).
43
What is the value of -2 - (-2 - -5 - (-15 + 9))?
-11
Evaluate 7 - (35 - 11) - -8 - (20 - (4 - 0)).
-25
What is the value of 1225 + -1229 - (1 - 0 - -23) - (10 - 0)?
-38
What is 0 + 120 + -25 + 30 + -1 + -25?
99
Evaluate -83 + 15 + -35 + 73.
-30
-87 + 48 + -26 + 70
5
What is the value of -1 - (41 + -2 - 51)?
11
18 + -13 + (-24 + 47 - 26)
2
Calculate (1 + -5 - -27) + (-22 - (24 + -100)).
77
What is (-14 - -26 - 7) + (-27 - -2 - -2 - 7)?
-25
What is -464 + 480 - (3 + 0 + 1 - -123)?
-111
What is -5 + 20 + 39 + -38 + -39?
-23
Calculate 4 - 75 - (32 - (-10 - -67)).
-46
Calculate 0 + -9 - (26 + 10 + -127 + -7 + 13).
76
What is the value of (0 - (6 + 8)) + (4 + 15 - 27)?
-22
-58 + (21 - -1) + 39 + -83 + 9
-71
What is the value of -42 + 83 - 54 - (45 + -1 - 0)?
-57
What is the value of (96 - (24 - (25 + (10 - -7)))) + (0 - -14)?
128
Evaluate 5 + ((30 - 9) + (1 - -72) - 10).
89
Calculate 0 - (36 + (3 - (14 + -26))).
-51
Evaluate -137 + 157 + (-1 - 14) - -5 - -83.
93
What is the value of (6 - (-5 + 12 + -14)) + (-58 - 2)?
-47
5 + -54 - (1 + 22 - 50)
-22
Calculate -33 + 43 + (0 - (90 - 5)) - 11.
-86
3 + -1 + (-16 - 4 - (-26 + -31 - -35))
4
What is the value of (13 - (8 - 1)) + (11 - 19) - (16 + 3)?
-21
-12 - (-70 + 32) - (44 + -2)
-16
(-74 + 20 - 7) + -10
-71
(-1 - 1) + 15 + 45 + -53 + 17
22
Calculate 5 + -9 + 9 + (-4 - 9 - 4) + 114.
102
3 - 20 - (42 + 63 + -128)
6
Evaluate 6 - -1 - (54 - (2 - -11) - 1).
-33
What is (7 - 44) + 107 + -25?
45
What is 66 - ((-34 - -1) + (4 - (30 - 37)))?
88
What is the value of -104 + 1 + 16 + (41 + -77 - -39)?
-84
65 - 1 - (-10487 - -10552)
-1
What is the value of -5 + 18 - (27 + -11 - 24) - 7?
14
What is (14 - 4 - -21) + (144 - 232)?
-57
Calculate 123 + -225 + 45 - (-20 - 0).
-37
What is 53 + (25 - 127 - -7)?
-42
What is the value of 2 - -6 - (36 - 24) - (3 - -121)?
-128
What is -30 - 14 - -4 - (-328 - -306)?
-18
What is 22 + -15 + 20 + (15 - -1)?
43
(16 - (7 + -1) - (-21 + 81)) + 11 + -4
-43
What is 41 - 31 - (1 - -1 - (-9 - 1))?
-2
Evaluate -9 - (-7 + 8 - (-2 + (4 - -10)) - 7).
9
7 + 37 + -21 + -16 + 0 + 2
9
What is 0 + -1 + -60 + 18 - (7 - (19 + -6))?
-37
What is the value of -18 - (-25 - -28) - (-13 + -1 + -2)?
-5
Evaluate -1 + (-11 - (9 + -9) - -4).
-8
Calculate 10 - (-542 - -506 - (-12 - 0) - -9).
25
What is the value of (4 - 35) + (-2 - -42) - 79?
-70
What is -16 + 25 - -47 - 87?
-31
What is the value of -16 - (-88 + 51 + -52)?
73
(-2 - 149 - (28 - (124 - 76))) + 21
-110
What is the value of -27 + 120 + -79 - -61?
75
Evaluate -266 + (53 - -33) + 114.
-66
What is -18 - (-25 - (18 + (-19 - -22)))?
28
What is the value of (33 - (19 - 3)) + (1 - -35) + 7?
60
Evaluate -111 - (-126 + 240 + -107).
-118
What is the value of -3081 - -3126 - ((3 - 1) + -31)?
74
What is 43 + (-3 - 0 - -3) - (30 + (31 - 63))?
45
Evaluate (-78 - (-23 - 17)) + 61 + 2.
25
Evaluate -1 + (362 - 361 - (74 - (1 + -1 - 1))).
-75
What is (0 + -5 - (44 - -52)) + (-6 + 11 - -8)?
-88
What is the value of 29 - (-2 + 4) - ((-21 + 72 - 75) + 38)?
13
What is the value of 6 + 83 + -5 + -12?
72
Calculate -2 - (43 - 22) - 2 - 5.
-30
-83 + 73 + -48 + 56
-2
Calculate 10 + 5 + -15 + 8 - (35 + -27).
0
Calculate 10360 + -10425 + (2 + 0 - 13).
-76
(-14 - -5) + (49 + -31 - 20)
-11
Evaluate (-5 - (54 - 6)) + (-1 - -1) + -206 + 214.
-45
What is the value of -9 + (-3 - (-5 + -3)) + (-2 - (-12 - -6))?
0
What is the value of (-1 - 0) + 0 + 4 - (-1860 - -1934)?
-71
Evaluate 11 + (1 - (-50 - 0)) + 31 + -23 + -8.
62
Evaluate 29 + (4 - 1 - -18) + -12.
38
Calculate -8 + 72 + -14 + (18 - 22).
46
What is the value of (-23 - 13 - 1) + (-7 - -15)?
-29
Evaluate -32 + 1 + (-181 - (-104 + -73)).
-35
What is the value of -541 + 549 + ((7 - -22) + 6 - -1)?
44
Evaluate -1 - (4 + (-2 - (5 + 0))) - (-3 + -17).
22
61 + -1 - (79 - 98 - (-2 - 6 - 8))
63
41 - ((-17 - (-4 - 8 - 6)) + 20)
20
What is the value of 14 + -29 + -7 + -16?
-38
Evaluate -161 + 185 + (2 - 24) - (17 + 1).
-16
Calculate 25 + (1563 - 1473 - (8 + 0)).
107
83 - (104 - 5 - -61)
-77
-44 - 0 - (25 - (7 + (16 - 22) + 15))
-53
What is the value of -86 + (40 - -70 - 19)?
5
What is 14 + -50 - -88 - 29?
23
27 + -11 - 29 - (10 - -2)
-25
70 + -74 - (1 + -2) - (56 + -15)
-44
What is the value of (-3 - (-1 - -1)) + 3 - 4 - (264 + -325)?
57
Calculate (24 - 42) + (1 - 8) + 16 + 54.
45
What is 5 - ((10 - -82) + 14 + -12)?
-89
Calculate (-16 - 66 - (-18 + 7) - (1 - -3)) + -4.
-79
(29 + -16 - 11 - 18) + (41 - -5)
30
Evaluate 19 - (-17 - -10 - 9) - -17.
52
What is the value of -28 - ((-8 - -28) + -33) - -13?
-2
-18 + (8 - (17 + -9) - 18)
-36
What is the value of 10 + -93 + 10 - -21 - (5 - 8)?
-49
Evaluate -14 - (10 + -5 - 13) - -38.
32
What is the value of 49 + -39 + 41 + 1 + -7 + 7 + 7?
59
What is the value of -220 - -220 - (42 + -93)?
51
What is 69 + (-6 - 15) + (-5 + 18 + -19 - -13)?
55
What is (7 - -4) + 2 + 1 + (10195 - 10197)?
12
What is -5 + 108 + 1 + 5 + (-1 - 10)?
98
(3 - (8 - -7)) + (1 - -21) - 21
-11
What is the value of (-320 - -196) + (12 - 6) + (-16 - 4 - -4)?
-134
Evaluate -7 + 11 + (-17 - -2) + (100 - 127).
-38
What is the